{"id":30,"date":"2026-01-13T08:41:13","date_gmt":"2026-01-13T07:41:13","guid":{"rendered":"https:\/\/dogadani.org\/?page_id=30"},"modified":"2026-02-25T13:17:40","modified_gmt":"2026-02-25T12:17:40","slug":"statut","status":"publish","type":"page","link":"https:\/\/dogadani.org\/?page_id=30","title":{"rendered":"Statut \/ KRS"},"content":{"rendered":"\t\t<div data-elementor-type=\"wp-page\" data-elementor-id=\"30\" class=\"elementor elementor-30\">\n\t\t\t\t<div class=\"elementor-element elementor-element-73abc408 e-flex e-con-boxed e-con e-parent\" data-id=\"73abc408\" data-element_type=\"container\" data-e-type=\"container\">\n\t\t\t\t\t<div class=\"e-con-inner\">\n\t\t\t\t<div class=\"elementor-element elementor-element-6a548ceb elementor-widget__width-initial elementor-widget elementor-widget-text-editor\" data-id=\"6a548ceb\" data-element_type=\"widget\" data-e-type=\"widget\" data-widget_type=\"text-editor.default\">\n\t\t\t\t\t\t\t\t\t<h4>STATUT FUNDACJI DOGadani<\/h4>\n<p><!-- \/wp:paragraph --><!-- wp:paragraph --><\/p>\n<p><strong>Rozdzia\u0142 I Postanowienia og\u00f3lne<\/strong><\/p>\n<p><!-- \/wp:paragraph --><!-- wp:paragraph --><\/p>\n<p>\u00a71 1. Fundacja pod nazw\u0105 Fundacja DOGadani, zwana dalej \u201eFundacj\u0105\u201d, zosta\u0142a ustanowiona przez Fundatora aktem notarialnym sporz\u0105dzonym zgodnie z obowi\u0105zuj\u0105cymi przepisami prawa. 2. Fundacja dzia\u0142a na podstawie ustawy z dnia 6 kwietnia 1984 r. o fundacjach oraz niniejszego Statutu. 3. Fundacja mo\u017ce pos\u0142ugiwa\u0107 si\u0119 skr\u00f3con\u0105 nazw\u0105 \u201eDOGadani\u201d.<br \/>\u00a72 1. Siedzib\u0105 Fundacji jest Wilkanowo. 2. Adres siedziby Fundacji: ul. Wandy Komarnickiej , 66-008 Wilkanowo. 3. Fundacja dzia\u0142a na terytorium Rzeczypospolitej Polskiej oraz poza jej granicami, zgodnie z obowi\u0105zuj\u0105cymi przepisami prawa.<br \/>\u00a73 1. Fundacja posiada osobowo\u015b\u0107 prawn\u0105. 2. Fundacja zostaje ustanowiona na czas nieoznaczony.<br \/>\u00a74 Nadz\u00f3r nad Fundacj\u0105 sprawuje minister w\u0142a\u015bciwy do spraw ochrony zwierz\u0105t i dobrostanu zwierz\u0105t lub inny minister w\u0142a\u015bciwy ze wzgl\u0119du na cele Fundacji.<\/p>\n<p><!-- \/wp:paragraph --><!-- wp:paragraph --><\/p>\n<p><strong>Rozdzia\u0142 II Misja, cele i zasady dzia\u0142ania Fundacji<\/strong><\/p>\n<p><!-- \/wp:paragraph --><!-- wp:paragraph --><\/p>\n<p>\u00a75 Misj\u0105 Fundacji DOGadani jest poprawa jako\u015bci relacji pomi\u0119dzy cz\u0142owiekiem a psem poprzez rzeteln\u0105 wiedz\u0119, empati\u0119 oraz realne dzia\u0142ania praktyczne, prowadz\u0105ce do poprawy dobrostanu ps\u00f3w oraz odpowiedzialnego opiekowania si\u0119 nimi.<br \/>\u00a76 Celem Fundacji jest dzia\u0142alno\u015b\u0107 spo\u0142ecznie u\u017cyteczna, w szczeg\u00f3lno\u015bci w zakresie: 1. ochrony zwierz\u0105t i ich dobrostanu, 2. edukacji i rozwoju wiedzy w obszarze kynologii, etologii oraz zoopsychologii, 3. wspierania opiekun\u00f3w ps\u00f3w w budowaniu odpowiedzialnej i \u015bwiadomej relacji z psem, 4. przeciwdzia\u0142ania przemocy wobec ps\u00f3w oraz zapobiegania ich porzucaniu.<br \/>\u00a77 Fundacja realizuje swoje cele poprzez:<\/p>\n<p><span style=\"text-decoration: underline;\">I. Bezpo\u015bredni\u0105 pomoc psom:<\/span> 1. prowadzenie pracy behawioralnej i szkoleniowej z psami przebywaj\u0105cymi w schroniskach oraz domach tymczasowych, 2. przygotowywanie ps\u00f3w do funkcjonowania w \u015brodowisku domowym oraz do procesu adopcji, 3. zapobieganie zwrotom ps\u00f3w do schronisk poprzez dzia\u0142ania prewencyjne oraz wsparcie poadopcyjne.<br \/><span style=\"text-decoration: underline;\">II. Wsparcie i przygotowanie opiekun\u00f3w:<\/span><br \/>1. przygotowywanie przysz\u0142ych i obecnych opiekun\u00f3w do budowania bezpiecznej, stabilnej i trwa\u0142ej relacji z psem,<br \/>2. realizacj\u0119 kurs\u00f3w i program\u00f3w przygotowuj\u0105cych do odpowiedzialnego posiadania psa,<br \/>3. wspieranie opiekun\u00f3w w rozwijaniu kompetencji niezb\u0119dnych do odpowiedzialnej, \u015bwiadomej i etycznej opieki nad psem.<br \/><span style=\"text-decoration: underline;\">III. Edukacj\u0119 i rozw\u00f3j wiedzy:<\/span><br \/>1. edukacj\u0119 w zakresie psich emocji, potrzeb oraz komunikacji mi\u0119dzygatunkowej,<br \/>2. prowadzenie dzia\u0142a\u0144 edukacyjnych z zakresu kynologii, etologii oraz zoopsychologii,<br \/>3. promowanie wiedzy opartej na aktualnych badaniach naukowych oraz praktyce behawioralnej.<br \/><span style=\"text-decoration: underline;\">IV. Zmian\u0119 postaw spo\u0142ecznych i ochron\u0119 dobrostanu ps\u00f3w:<\/span><br \/>1. przeciwdzia\u0142anie przemocy wobec ps\u00f3w oraz innym formom ich krzywdzenia,<br \/>2. dzia\u0142ania na rzecz prze\u0142amywania szkodliwych stereotyp\u00f3w dotycz\u0105cych ps\u00f3w i ich zachowa\u0144,<br \/>3. budowanie empatii opartej na rzetelnej wiedzy oraz inicjowanie trwa\u0142ych zmian w relacji cz\u0142owiek\u2013pies.<br \/><span style=\"text-decoration: underline;\">V. Aktywno\u015b\u0107 i integracj\u0119 cz\u0142owieka z psem:<\/span> 1. promowanie wsp\u00f3lnej aktywno\u015bci cz\u0142owieka i psa, obejmuj\u0105cej dzia\u0142ania rekreacyjne, sportowe, terapeutyczne oraz rozwojowe.<br \/><span style=\"text-decoration: underline;\">VI. Wsparcie systemowe i \u015brodowiskowe:<\/span><br \/>1. wspieranie wolontariuszy schronisk oraz opiekun\u00f3w dom\u00f3w tymczasowych poprzez szkolenia, kursy oraz sta\u0142e wsparcie merytoryczne,<br \/>2. wsp\u00f3\u0142prac\u0119 z organizacjami, instytucjami oraz specjalistami dzia\u0142aj\u0105cymi na rzecz dobrostanu ps\u00f3w.<br \/><span style=\"text-decoration: underline;\">VII. Wsparcie materialne i rzeczowe dla ps\u00f3w schroniskowych:<\/span><br \/>1. organizowanie i prowadzenie zbi\u00f3rek rzeczowych oraz finansowych na rzecz ps\u00f3w przebywaj\u0105cych w schroniskach i domach tymczasowych,<br \/>2. przekazywanie karmy, akcesori\u00f3w szkoleniowych, smyczy, szelek, kaga\u0144c\u00f3w, legowisk, zabawek oraz innych niezb\u0119dnych artyku\u0142\u00f3w poprawiaj\u0105cych komfort i bezpiecze\u0144stwo ps\u00f3w,<br \/>3. wspieranie schronisk i dom\u00f3w tymczasowych w zakresie wyposa\u017cenia niezb\u0119dnego do prowadzenia pracy behawioralnej, rehabilitacyjnej i socjalizacyjnej.<br \/><span style=\"text-decoration: underline;\">VIII. Wspieranie bada\u0144 naukowych oraz rozwoju etologii i kynologii:<\/span><br \/>1. inicjowanie, wspieranie oraz udzia\u0142 w badaniach naukowych z zakresu etologii, kynologii, zoopsychologii oraz nauk pokrewnych,<br \/>2. wsp\u00f3\u0142prac\u0119 z o\u015brodkami naukowymi, badaczami, uczelniami oraz ekspertami zajmuj\u0105cymi si\u0119 zachowaniem i dobrostanem ps\u00f3w,<br \/>3. udzia\u0142 w projektach badawczych, obserwacyjnych i analitycznych dotycz\u0105cych zachowa\u0144 ps\u00f3w oraz relacji cz\u0142owiek\u2013pies,<br \/>4. upowszechnianie wynik\u00f3w bada\u0144 w formie publikacji, materia\u0142\u00f3w edukacyjnych, szkole\u0144 oraz wydarze\u0144 popularyzuj\u0105cych wiedz\u0119 naukow\u0105.<br \/>\u00a77a 1. Fundacja mo\u017ce korzysta\u0107 z infrastruktury, wyposa\u017cenia oraz zasob\u00f3w nale\u017c\u0105cych do Fundatora, w tym w szczeg\u00f3lno\u015bci z placu treningowego, sal szkoleniowych, sprz\u0119tu oraz innych akcesori\u00f3w niezb\u0119dnych do realizacji cel\u00f3w statutowych. 2. Korzystanie z infrastruktury Fundatora odbywa si\u0119 na zasadach nieodp\u0142atnych lub odp\u0142atnych, zgodnie z decyzj\u0105 Zarz\u0105du Fundacji i obowi\u0105zuj\u0105cymi przepisami prawa. 3. Fundacja zobowi\u0105zuje si\u0119 do nale\u017cytej dba\u0142o\u015bci o u\u017cyczone zasoby.<\/p>\n<p><!-- \/wp:paragraph --><!-- wp:paragraph --><\/p>\n<p><strong>Rozdzia\u0142 III Maj\u0105tek i gospodarka finansowa<\/strong><\/p>\n<p><!-- \/wp:paragraph --><!-- wp:paragraph --><\/p>\n<p>\u00a78 1. Fundusz za\u0142o\u017cycielski Fundacji wynosi 1 000 (s\u0142ownie: jeden tysi\u0105c) z\u0142otych i zosta\u0142 wniesiony przez Fundatora w ca\u0142o\u015bci. 2. Maj\u0105tek Fundacji stanowi\u0105 fundusz za\u0142o\u017cycielski oraz inne \u015brodki finansowe i sk\u0142adniki maj\u0105tkowe nabyte w toku dzia\u0142alno\u015bci. 3. Fundacja nie prowadzi dzia\u0142alno\u015bci gospodarczej. 4. Fundacja odpowiada za swoje zobowi\u0105zania ca\u0142ym swoim maj\u0105tkiem.<br \/>\u00a79 \u0179r\u00f3d\u0142ami finansowania Fundacji s\u0105 w szczeg\u00f3lno\u015bci: 1. darowizny, spadki i zapisy, 2. dotacje, subwencje i granty, 3. zbi\u00f3rki publiczne prowadzone zgodnie z obowi\u0105zuj\u0105cymi przepisami, 4. odsetki bankowe oraz inne przychody zgodne z prawem.<br \/>\u00a79a Fundacja mo\u017ce przyjmowa\u0107 spadki wy\u0142\u0105cznie z dobrodziejstwem inwentarza.<br \/>\u00a79b 1. Fundacji zabrania si\u0119 udzielania po\u017cyczek lub zabezpieczania zobowi\u0105za\u0144 maj\u0105tkiem Fundacji na rzecz cz\u0142onk\u00f3w jej organ\u00f3w oraz os\u00f3b im bliskich. 2. Zabrania si\u0119 przekazywania maj\u0105tku Fundacji na rzecz cz\u0142onk\u00f3w jej organ\u00f3w lub os\u00f3b im bliskich na zasadach innych ni\u017c wobec os\u00f3b trzecich. 3. Maj\u0105tek Fundacji nie mo\u017ce by\u0107 wykorzystywany w spos\u00f3b sprzeczny z jej celami statutowymi.<\/p>\n<p><!-- \/wp:paragraph --><!-- wp:paragraph --><\/p>\n<p><strong>Rozdzia\u0142 IV Organy Fundacji<\/strong><\/p>\n<p><!-- \/wp:paragraph --><!-- wp:paragraph --><\/p>\n<p>\u00a710 Organem Fundacji jest Zarz\u0105d Fundacji.<br \/>\u00a711 1. Zarz\u0105d Fundacji jest jednoosobowy. 2. Fundatorem Fundacji oraz jedynym cz\u0142onkiem Zarz\u0105du jest Piotr Dubas. 3. Fundator pe\u0142ni funkcj\u0119 Prezesa Zarz\u0105du.<br \/>\u00a712 1. Prezes Zarz\u0105du kieruje dzia\u0142alno\u015bci\u0105 Fundacji i reprezentuje j\u0105 na zewn\u0105trz. 2. Do sk\u0142adania o\u015bwiadcze\u0144 woli w imieniu Fundacji uprawniony jest Prezes Zarz\u0105du dzia\u0142aj\u0105cy samodzielnie.<br \/>\u00a712a 1. Cz\u0142onek Zarz\u0105du mo\u017ce otrzymywa\u0107 wynagrodzenie za pe\u0142nienie funkcji lub wykonywanie innych czynno\u015bci na rzecz Fundacji. 2. Wynagrodzenie ma charakter rynkowy i odpowiada rzeczywistemu nak\u0142adowi pracy.<br \/>\u00a712b 1. W Fundacji mo\u017ce zosta\u0107 powo\u0142ana Rada Fundacji jako organ opiniodawczy lub doradczy. 2. Decyzj\u0119 o jej powo\u0142aniu podejmuje Zarz\u0105d.<br \/>\u00a712c Fundacja mo\u017ce korzysta\u0107 z pracy wolontariuszy na zasadach okre\u015blonych w obowi\u0105zuj\u0105cych przepisach prawa.<br \/>\u00a712d Fundacja mo\u017ce prowadzi\u0107 odp\u0142atn\u0105 dzia\u0142alno\u015b\u0107 statutow\u0105, a doch\u00f3d z niej przeznacza w ca\u0142o\u015bci na realizacj\u0119 cel\u00f3w statutowych.<br \/>\u00a712e Fundacja dzia\u0142a w oparciu o rzeteln\u0105 wiedz\u0119 naukow\u0105 oraz zasady etyki w pracy ze zwierz\u0119tami.<\/p>\n<p><!-- \/wp:paragraph --><!-- wp:paragraph --><\/p>\n<p><strong>Rozdzia\u0142 V Zmiana statutu i likwidacja Fundacji<\/strong><\/p>\n<p><!-- \/wp:paragraph --><!-- wp:paragraph --><\/p>\n<p>\u00a713 Zmian Statutu dokonuje Zarz\u0105d Fundacji.<\/p>\n<p><!-- \/wp:paragraph --><!-- wp:paragraph --><\/p>\n<p>\u00a714 1. Fundacja ulega likwidacji w razie osi\u0105gni\u0119cia cel\u00f3w lub wyczerpania \u015brodk\u00f3w finansowych. 2. \u015arodki pozosta\u0142e po likwidacji przeznacza si\u0119 na cele zbie\u017cne z celami Fundacji DOGadani.<br \/>\u00a715 Statut wchodzi w \u017cycie z dniem wpisu Fundacji do Krajowego Rejestru S\u0105dowego.<\/p>\n<p>\u00a0<\/p>\n<h1><strong>DANE : <\/strong><\/h1>\n<p><strong>KRS<\/strong> 0001223136 &#8211; <strong>NIP<\/strong> 9731118927 &#8211;<strong> REGON<\/strong> 543959765<\/p>\n<p><strong>KONTO: 37 1020 5402 0000 0902 0598 6957<\/strong><\/p>\n<p>\u00a0<\/p>\n<p><!-- \/wp:paragraph --><\/p>\t\t\t\t\t\t\t\t<\/div>\n\t\t\t\t\t<\/div>\n\t\t\t\t<\/div>\n\t\t\t\t<\/div>\n\t\t","protected":false},"excerpt":{"rendered":"<p>STATUT FUNDACJI DOGadani Rozdzia\u0142 I Postanowienia og\u00f3lne \u00a71 1. Fundacja pod nazw\u0105 Fundacja DOGadani, zwana dalej \u201eFundacj\u0105\u201d, zosta\u0142a ustanowiona przez Fundatora aktem notarialnym sporz\u0105dzonym zgodnie z obowi\u0105zuj\u0105cymi przepisami prawa. 2. Fundacja dzia\u0142a na podstawie ustawy z dnia 6 kwietnia 1984 r. o fundacjach oraz niniejszego Statutu. 3. Fundacja mo\u017ce pos\u0142ugiwa\u0107 si\u0119 skr\u00f3con\u0105 nazw\u0105 \u201eDOGadani\u201d.\u00a72 1. &hellip; <\/p>\n<p class=\"link-more\"><a href=\"https:\/\/dogadani.org\/?page_id=30\" class=\"more-link\">Czytaj dalej<span class=\"screen-reader-text\"> \u201eStatut \/ KRS\u201d<\/span><\/a><\/p>\n","protected":false},"author":1,"featured_media":0,"parent":0,"menu_order":0,"comment_status":"closed","ping_status":"closed","template":"elementor_header_footer","meta":{"_uag_custom_page_level_css":"","footnotes":""},"class_list":["post-30","page","type-page","status-publish","hentry"],"yoast_head":"<!-- This site is optimized with the Yoast SEO plugin v27.5 - https:\/\/yoast.com\/product\/yoast-seo-wordpress\/ -->\n<title>Statut \/ KRS -<\/title>\n<meta name=\"robots\" content=\"index, follow, max-snippet:-1, max-image-preview:large, max-video-preview:-1\" \/>\n<link rel=\"canonical\" href=\"https:\/\/dogadani.org\/?page_id=30\" \/>\n<meta property=\"og:locale\" content=\"pl_PL\" \/>\n<meta property=\"og:type\" content=\"article\" \/>\n<meta property=\"og:title\" content=\"Statut \/ KRS -\" \/>\n<meta property=\"og:description\" content=\"STATUT FUNDACJI DOGadani Rozdzia\u0142 I Postanowienia og\u00f3lne \u00a71 1. Fundacja pod nazw\u0105 Fundacja DOGadani, zwana dalej \u201eFundacj\u0105\u201d, zosta\u0142a ustanowiona przez Fundatora aktem notarialnym sporz\u0105dzonym zgodnie z obowi\u0105zuj\u0105cymi przepisami prawa. 2. Fundacja dzia\u0142a na podstawie ustawy z dnia 6 kwietnia 1984 r. o fundacjach oraz niniejszego Statutu. 3. Fundacja mo\u017ce pos\u0142ugiwa\u0107 si\u0119 skr\u00f3con\u0105 nazw\u0105 \u201eDOGadani\u201d.\u00a72 1. &hellip; Czytaj dalej \u201eStatut \/ KRS\u201d\" \/>\n<meta property=\"og:url\" content=\"https:\/\/dogadani.org\/?page_id=30\" \/>\n<meta property=\"article:modified_time\" content=\"2026-02-25T12:17:40+00:00\" \/>\n<meta name=\"twitter:card\" content=\"summary_large_image\" \/>\n<meta name=\"twitter:label1\" content=\"Szacowany czas czytania\" \/>\n\t<meta name=\"twitter:data1\" content=\"7 minut\" \/>\n<script type=\"application\/ld+json\" class=\"yoast-schema-graph\">{\"@context\":\"https:\\\/\\\/schema.org\",\"@graph\":[{\"@type\":\"WebPage\",\"@id\":\"https:\\\/\\\/dogadani.org\\\/?page_id=30\",\"url\":\"https:\\\/\\\/dogadani.org\\\/?page_id=30\",\"name\":\"Statut \\\/ KRS -\",\"isPartOf\":{\"@id\":\"http:\\\/\\\/dogadani.org\\\/#website\"},\"datePublished\":\"2026-01-13T07:41:13+00:00\",\"dateModified\":\"2026-02-25T12:17:40+00:00\",\"breadcrumb\":{\"@id\":\"https:\\\/\\\/dogadani.org\\\/?page_id=30#breadcrumb\"},\"inLanguage\":\"pl-PL\",\"potentialAction\":[{\"@type\":\"ReadAction\",\"target\":[\"https:\\\/\\\/dogadani.org\\\/?page_id=30\"]}]},{\"@type\":\"BreadcrumbList\",\"@id\":\"https:\\\/\\\/dogadani.org\\\/?page_id=30#breadcrumb\",\"itemListElement\":[{\"@type\":\"ListItem\",\"position\":1,\"name\":\"Home\",\"item\":\"http:\\\/\\\/dogadani.org\\\/\"},{\"@type\":\"ListItem\",\"position\":2,\"name\":\"Statut \\\/ KRS\"}]},{\"@type\":\"WebSite\",\"@id\":\"http:\\\/\\\/dogadani.org\\\/#website\",\"url\":\"http:\\\/\\\/dogadani.org\\\/\",\"name\":\"\",\"description\":\"wiedza, empatia, relacja\",\"potentialAction\":[{\"@type\":\"SearchAction\",\"target\":{\"@type\":\"EntryPoint\",\"urlTemplate\":\"http:\\\/\\\/dogadani.org\\\/?s={search_term_string}\"},\"query-input\":{\"@type\":\"PropertyValueSpecification\",\"valueRequired\":true,\"valueName\":\"search_term_string\"}}],\"inLanguage\":\"pl-PL\"}]}<\/script>\n<!-- \/ Yoast SEO plugin. -->","yoast_head_json":{"title":"Statut \/ KRS -","robots":{"index":"index","follow":"follow","max-snippet":"max-snippet:-1","max-image-preview":"max-image-preview:large","max-video-preview":"max-video-preview:-1"},"canonical":"https:\/\/dogadani.org\/?page_id=30","og_locale":"pl_PL","og_type":"article","og_title":"Statut \/ KRS -","og_description":"STATUT FUNDACJI DOGadani Rozdzia\u0142 I Postanowienia og\u00f3lne \u00a71 1. Fundacja pod nazw\u0105 Fundacja DOGadani, zwana dalej \u201eFundacj\u0105\u201d, zosta\u0142a ustanowiona przez Fundatora aktem notarialnym sporz\u0105dzonym zgodnie z obowi\u0105zuj\u0105cymi przepisami prawa. 2. Fundacja dzia\u0142a na podstawie ustawy z dnia 6 kwietnia 1984 r. o fundacjach oraz niniejszego Statutu. 3. Fundacja mo\u017ce pos\u0142ugiwa\u0107 si\u0119 skr\u00f3con\u0105 nazw\u0105 \u201eDOGadani\u201d.\u00a72 1. &hellip; Czytaj dalej \u201eStatut \/ KRS\u201d","og_url":"https:\/\/dogadani.org\/?page_id=30","article_modified_time":"2026-02-25T12:17:40+00:00","twitter_card":"summary_large_image","twitter_misc":{"Szacowany czas czytania":"7 minut"},"schema":{"@context":"https:\/\/schema.org","@graph":[{"@type":"WebPage","@id":"https:\/\/dogadani.org\/?page_id=30","url":"https:\/\/dogadani.org\/?page_id=30","name":"Statut \/ KRS -","isPartOf":{"@id":"http:\/\/dogadani.org\/#website"},"datePublished":"2026-01-13T07:41:13+00:00","dateModified":"2026-02-25T12:17:40+00:00","breadcrumb":{"@id":"https:\/\/dogadani.org\/?page_id=30#breadcrumb"},"inLanguage":"pl-PL","potentialAction":[{"@type":"ReadAction","target":["https:\/\/dogadani.org\/?page_id=30"]}]},{"@type":"BreadcrumbList","@id":"https:\/\/dogadani.org\/?page_id=30#breadcrumb","itemListElement":[{"@type":"ListItem","position":1,"name":"Home","item":"http:\/\/dogadani.org\/"},{"@type":"ListItem","position":2,"name":"Statut \/ KRS"}]},{"@type":"WebSite","@id":"http:\/\/dogadani.org\/#website","url":"http:\/\/dogadani.org\/","name":"","description":"wiedza, empatia, relacja","potentialAction":[{"@type":"SearchAction","target":{"@type":"EntryPoint","urlTemplate":"http:\/\/dogadani.org\/?s={search_term_string}"},"query-input":{"@type":"PropertyValueSpecification","valueRequired":true,"valueName":"search_term_string"}}],"inLanguage":"pl-PL"}]}},"uagb_featured_image_src":{"full":false,"thumbnail":false,"medium":false,"medium_large":false,"large":false,"1536x1536":false,"2048x2048":false,"twentyseventeen-featured-image":false,"twentyseventeen-thumbnail-avatar":false},"uagb_author_info":{"display_name":"admin","author_link":"https:\/\/dogadani.org\/?author=1"},"uagb_comment_info":0,"uagb_excerpt":"STATUT FUNDACJI DOGadani Rozdzia\u0142 I Postanowienia og\u00f3lne \u00a71 1. Fundacja pod nazw\u0105 Fundacja DOGadani, zwana dalej \u201eFundacj\u0105\u201d, zosta\u0142a ustanowiona przez Fundatora aktem notarialnym sporz\u0105dzonym zgodnie z obowi\u0105zuj\u0105cymi przepisami prawa. 2. Fundacja dzia\u0142a na podstawie ustawy z dnia 6 kwietnia 1984 r. o fundacjach oraz niniejszego Statutu. 3. Fundacja mo\u017ce pos\u0142ugiwa\u0107 si\u0119 skr\u00f3con\u0105 nazw\u0105 \u201eDOGadani\u201d.\u00a72 1.&hellip;","_links":{"self":[{"href":"https:\/\/dogadani.org\/index.php?rest_route=\/wp\/v2\/pages\/30","targetHints":{"allow":["GET"]}}],"collection":[{"href":"https:\/\/dogadani.org\/index.php?rest_route=\/wp\/v2\/pages"}],"about":[{"href":"https:\/\/dogadani.org\/index.php?rest_route=\/wp\/v2\/types\/page"}],"author":[{"embeddable":true,"href":"https:\/\/dogadani.org\/index.php?rest_route=\/wp\/v2\/users\/1"}],"replies":[{"embeddable":true,"href":"https:\/\/dogadani.org\/index.php?rest_route=%2Fwp%2Fv2%2Fcomments&post=30"}],"version-history":[{"count":27,"href":"https:\/\/dogadani.org\/index.php?rest_route=\/wp\/v2\/pages\/30\/revisions"}],"predecessor-version":[{"id":200,"href":"https:\/\/dogadani.org\/index.php?rest_route=\/wp\/v2\/pages\/30\/revisions\/200"}],"wp:attachment":[{"href":"https:\/\/dogadani.org\/index.php?rest_route=%2Fwp%2Fv2%2Fmedia&parent=30"}],"curies":[{"name":"wp","href":"https:\/\/api.w.org\/{rel}","templated":true}]}}